) = 11*t - 4. Let l be a(8). Let c = l + -56. List the prime factors of c.
2, 7
Let d(o) = -3*o + 20. Let i be d(8). List the prime factors of ((-130)/i)/(-5)*-2.
13
Suppose -3*y + 10 = 5*s - 23, -4*y = 2*s - 30. Suppose -y*n + 2*n + 72 = 0. List the prime factors of n.
2, 3
Suppose l - 74 = -l. What are the prime factors of l?
37
Suppose n = 6*n - 810. Suppose -n = 3*l - 459. Suppose -5*f + l - 29 = 0. List the prime factors of f.
2, 7
Suppose 109 = 4*g - 3. List the prime factors of g.
2, 7
Suppose 2*b - 35 = 15. Suppose 7 = -k + b. Let y = -8 + k. List the prime factors of y.
2, 5
Let p(o) = -4*o - 3. Let n be p(-2). Suppose -n*r = -4*m + 4 + 1, -2*r = -5*m + 2. Suppose -2*c + 4*c - 18 = m. What are the prime factors of c?
3
Let n(j) = -190*j + 5. What are the prime factors of n(-1)?
3, 5, 13
Suppose 1482 + 744 = 14*b. What are the prime factors of b?
3, 53
Suppose 0 = 3*j + 8 + 4. List the prime factors of (j + 3)*1 + 25.
2, 3
Let w(o) = -o**3 + 3*o**2 - 2*o + 2. Let h be w(2). Suppose h*a - 7 = 3. List the prime factors of a.
5
Let t be (-2*26)/(1/(-1)). Suppose -16 + t = 4*h. What are the prime factors of h?
3
Suppose -2*x - 26 = 5*h - 87, 2*h = 4*x + 10. What are the prime factors of h?
11
List the prime factors of 4/(16/14)*(2 - -14).
2, 7
Let m be 15/6*(-6)/(-3). Suppose -m*j = 2*s - 74, -5*s - 86 = -5*j - 3*s. List the prime factors of j.
2
Let k(r) = -4*r + 4. Let o be k(-3). Suppose 5*h - o = h. Suppose -2*f + 12 = -h*w, -4*w + 1 = 3*f - 7. List the prime factors of f.
2
Let g(t) = t + 3. What are the prime factors of g(6)?
3
Suppose 2*f + 15 = -37. Let c = 67 + f. List the prime factors of c.
41
Let l = 64 + -39. List the prime factors of l.
5
Suppose -123 = -2*x + 13. List the prime factors of x.
2, 17
Suppose -2*z = -3*v + 143, 2*v - 33 = -3*z + 45. What are the prime factors of v?
3, 5
Suppose 2*p - 3*p + 20 = 0. Suppose p = -4*g + 84. List the prime factors of g.
2
What are the prime factors of -1 + (1 - (-87 + 3))?
2, 3, 7
Suppose -2*o - 2*o = 436. Let r = o - -160. List the prime factors of r.
3, 17
Let g(s) = s**3 + 11*s**2 + 12. Let y be g(-11). What are the prime factors of (y/(-10))/(6/(-20))?
2
Let k(p) = p**2 + 5*p - 2. Let d be k(-5). Let n be (-20)/(-6) - d/(-6). Suppose 5*q = 2*g + 47, -n*q - 5*g - 10 + 32 = 0. What are the prime factors of q?
3
Let n(h) = 2*h**2 - h - 4. Let q(x) = x**3 + 4*x**2 + 4*x + 3. Let k be q(-2). Let m be (-7)/(-3) + 2/k. List the prime factors of n(m).
11
Let u(m) be the second derivative of m**3/6 + 3*m**2 - 6*m. What are the prime factors of u(7)?
13
Let y be (40/25)/(1/5). Let g = y - 4. Suppose -r - 38 = -g*m + r, -6 = 2*r. List the prime factors of m.
2
Suppose 40 + 0 = 4*m + 4*f, -2*m = -3*f - 5. List the prime factors of m.
7
Let h(y) = -y. Let u(q) = 35*q + 1. Let d(r) = -6*h(r) - u(r). What are the prime factors of d(-1)?
2, 7
Let d = 125 + 107. List the prime factors of d.
2, 29
Let w(v) = v**3 - 8*v**2 - 3*v - 7. Let x be (-10)/(-4)*(-36)/(-10). What are the prime factors of w(x)?
47
What are the prime factors of (-18)/24 - (-135)/4?
3, 11
Suppose 19*n = 24*n - 110. List the prime factors of n.
2, 11
Let o(h) = -h + 4. Let j be o(5). Let k be (-8)/((2/4)/j). Suppose 2*x = -2*x + k. What are the prime factors of x?
2
Let s(d) = -3*d**3 - d**2 + 1. Let a be s(-1). Let q(m) = m - 2. Let n be q(a). List the prime factors of (-2)/n + (-5)/(-1).
3
Suppose 3*k + 10 = j, -j + k + 8 = -0*j. Suppose -7 = j*x - 8*x. What are the prime factors of x?
7
Suppose 3*l - 7*l = -12. What are the prime factors of ((-1)/(-3))/(l/207)?
23
Let p(q) = q + 3*q**3 - 5*q - 2*q**3 + 4 - 5*q**2. What are the prime factors of p(6)?
2
Let u(i) = i**3 - 14*i - 12 + 8*i**2 - 2*i + 5*i. Let k be 94/(-10) - (-2)/5. List the prime factors of u(k).
2, 3
Suppose -11 = -0*w - w. Let s = 1 + -13. What are the prime factors of 8/s + w/3?
3
Let x = 66 - 30. Suppose 3*m - x = 3*y, 5*m - y + 0*y = 72. List the prime factors of m.
3, 5
Let f be -1*(4*4)/2. Let i be 86/f - 1/4. Let b = 17 + i. What are the prime factors of b?
2, 3
Let v = 11 - 0. Suppose -5*h = -4 - v. What are the prime factors of h?
3
Suppose 2*a + 11 = 3*f, 5*a - 4*a - f + 3 = 0. Suppose 0 = -5*o - 0*o + 4*t + 123, 0 = t + a. List the prime factors of o.
23
Suppose 3*m + 2 = 4*m. Suppose 0 = g - 0 - m. Suppose g*r = 2*c - 0*r - 36, 3*r - 36 = -2*c. What are the prime factors of c?
2, 3
Let b(f) = -f**2 + 5*f + 8. Let p be b(6). Suppose -5*y + 12 = -5*i + 2, 5*y + p*i = 3. Let g = 8 - y. List the prime factors of g.
7
Suppose 6*n - 4*n = 68. What are the prime factors of n?
2, 17
List the prime factors of (-5)/(10/(-654))*1.
3, 109
Let u(r) = 4*r + 1. Let k be u(2). Let n = 5 - k. Let h(w) = -4*w + 1. What are the prime factors of h(n)?
17
Suppose 72 = -3*l + 6*l. List the prime factors of l.
2, 3
Suppose -2*h + 3 = -25. Suppose 5*a = h + 1, 3*a = 5*v - 16. Suppose 4*z - 4*w = 36, -v*z + z + 3*w + 38 = 0. List the prime factors of z.
11
Let h = 82 + -29. What are the prime factors of h?
53
Suppose 0 = 6*r - r + 35. Let i(s) = -6*s - 11. List the prime factors of i(r).
31
Suppose -5*l + 2*k + 13 = 0, -5*l + l - 4 = 2*k. Let y be (3 - 31) + 1 + l. Let t = y + 37. What are the prime factors of t?
11
Suppose -2*o = o + 4*w - 11, 0 = o + 3*w - 2. Suppose u + y + 0*y = o, 2*u - 10 = 3*y. List the prime factors of u.
5
Let z = 3 + 1. Suppose 0*t - 4*r = 5*t - 6, 4*t - 4 = -3*r. Let f = z - t. What are the prime factors of f?
2, 3
Let h(d) = d - 1. Let r be 18/(-12)*(-2)/(-3). Let t(w) = w. Let p(v) = r*h(v) + 4*t(v). List the prime factors of p(4).
13
Let u = 48 - 30. What are the prime factors of u?
2, 3
What are the prime factors of 4/(-24)*284*3*-1?
2, 71
Let k = -11 + 17. Let a(h) = h**2 + 3*h - 1. Let l be a(-4). Let i = k - l. List the prime factors of i.
3
Let m = -3 + 5. Suppose 1 = -m*b + 5. Suppose j - 8 = b. What are the prime factors of j?
2, 5
Suppose -2*i + 5*c = 15, 4*i + 0*c - 25 = -c. Suppose i*y - 3*r = 26, 2*y + r = -2*y + 14. List the prime factors of (-1)/(-1) - (-16 + y).
13
Let h be (-4)/3*(-9)/2. Suppose -h*z + 2*z + 20 = 0. Suppose 0*s = -z*s + 40. List the prime factors of s.
2
List the prime factors of 12/(-21) - (-1334)/7.
2, 5, 19
Let n be 2/7 - (-231)/49. What are the prime factors of 11/(-4)*(-13 + n)?
2, 11
Suppose 4 = -p + 3. Let q be -1 + 4/(-2) + p. Let x = q + 7. What are the prime factors of x?
3
Let t be 4/(-6) + (-56)/(-12). Suppose -5*i = z - 40, z = -t*i + 34 - 2. List the prime factors of i.
2
Let f = -26 - -55. What are the prime factors of f?
29
Suppose -2*p + 129 = 45. What are the prime factors of p?
2, 3, 7
Suppose 0 = -3*b + 5*b - 82. What are the prime factors of b?
41
Let z = 25 + -25. Suppose z*f = -f + 52. What are the prime factors of f?
2, 13
Let a be 2/((-2)/20*-4). Suppose -24 - 11 = -a*l. List the prime factors of l.
7
Suppose 2*d = 5 - 9. Let g be (-1)/2 + (-14)/4. Let l = d - g. List the prime factors of l.
2
Suppose -6*l = -4*l - 66. What are the prime factors of l?
3, 11
Let g = 97 + -22. What are the prime factors of g?
3, 5
Suppose -w = 5*j - 198, -2*j - 1124 = -4*w - 376. What are the prime factors of w?
2, 47
Let x(j) = -2*j. Let f be x(-1). Let h(g) be the third derivative of g**4/6 + g**3/6 - 3*g**2. List the prime factors of h(f).
3
Let b be 42/(-11) - 2/11. Let s be 4/18 + 104/18. Let l = s + b. List the prime factors of l.
2
Suppose 0 = -5*y + 9*y - 104. What are the prime factors of y?
2, 13
Let r(l) = 3*l**2 - 6*l - 9. Let t be r(7). Suppose -2*d - t = -5*d. What are the prime factors of d?
2
Suppose 0 = -2*p, -6*p = 5*o - p - 290. What are the prime factors of o?
2, 29
Suppose -b + 2 = -3. Suppose -3*z = b*v + 50 - 165, 3*z - 69 = -3*v. What are the prime factors of v?
23
Let k be -2 + 4 - (-96)/2. Suppose 7*q - 2*q + k = 0. Let j = q + 17. What are the prime factors of j?
7
Let z = -143 + 203. List the prime factors of z.
2, 3, 5
Let d = -9 - -5. Let r(u) = u**3 + 7*u**2 + 6*u + 6. What are the prime factors of r(d)?
2, 3, 5
List the prime factors of (4 - 11/3)*(-1 - -562).
11, 17
Let x(w) = w**2 + 3*w + 2. What are the prime factors of x(3)?
2, 5
Let a(n) = 6*n - 3. Let d be a(2). Suppose w = -2*w - f + d, 5 = -2*w + 3*f. Suppose -3*z = -w*z - 3. List the prime factors of z.
3
Let n